{"id":54,"date":"2024-03-30T16:29:51","date_gmt":"2024-03-30T16:29:51","guid":{"rendered":"https:\/\/almogiamemoriahistorica.es\/?page_id=54"},"modified":"2025-09-25T01:24:48","modified_gmt":"2025-09-24T23:24:48","slug":"quienes-somos","status":"publish","type":"page","link":"https:\/\/almogiamemoriahistorica.es\/index.php\/quienes-somos\/","title":{"rendered":"\u00bfQU\u00cdENES SOMOS?"},"content":{"rendered":"\n<div class=\"wp-block-group alignfull has-global-padding is-layout-constrained wp-container-core-group-is-layout-23b1a4dc wp-block-group-is-layout-constrained\" style=\"padding-top:var(--wp--preset--spacing--30);padding-right:var(--wp--preset--spacing--30);padding-bottom:var(--wp--preset--spacing--30);padding-left:var(--wp--preset--spacing--30)\">\n<div class=\"wp-block-group alignwide is-content-justification-space-between is-layout-flex wp-container-core-group-is-layout-b2891da8 wp-block-group-is-layout-flex\">\n<figure class=\"wp-block-image size-large is-resized\"><img fetchpriority=\"high\" decoding=\"async\" width=\"718\" height=\"1024\" src=\"https:\/\/almogiamemoriahistorica.es\/wp-content\/uploads\/2024\/03\/tb38a-718x1024.jpg\" alt=\"\" class=\"wp-image-64\" style=\"width:299px;height:auto\" srcset=\"https:\/\/almogiamemoriahistorica.es\/wp-content\/uploads\/2024\/03\/tb38a-718x1024.jpg 718w, https:\/\/almogiamemoriahistorica.es\/wp-content\/uploads\/2024\/03\/tb38a-210x300.jpg 210w, https:\/\/almogiamemoriahistorica.es\/wp-content\/uploads\/2024\/03\/tb38a-768x1095.jpg 768w, https:\/\/almogiamemoriahistorica.es\/wp-content\/uploads\/2024\/03\/tb38a-1078x1536.jpg 1078w, https:\/\/almogiamemoriahistorica.es\/wp-content\/uploads\/2024\/03\/tb38a.jpg 1232w\" sizes=\"(max-width: 718px) 100vw, 718px\" \/><\/figure>\n\n\n\n<figure class=\"wp-block-image size-large is-resized\"><img decoding=\"async\" width=\"1081\" height=\"608\" src=\"https:\/\/almogiamemoriahistorica.es\/wp-content\/uploads\/2025\/09\/MHA_MHA-Fondo-Blanco-edited.png\" alt=\"\" class=\"wp-image-324\" style=\"width:439px;height:auto\" srcset=\"https:\/\/almogiamemoriahistorica.es\/wp-content\/uploads\/2025\/09\/MHA_MHA-Fondo-Blanco-edited.png 1081w, https:\/\/almogiamemoriahistorica.es\/wp-content\/uploads\/2025\/09\/MHA_MHA-Fondo-Blanco-edited-300x169.png 300w, https:\/\/almogiamemoriahistorica.es\/wp-content\/uploads\/2025\/09\/MHA_MHA-Fondo-Blanco-edited-1024x576.png 1024w, https:\/\/almogiamemoriahistorica.es\/wp-content\/uploads\/2025\/09\/MHA_MHA-Fondo-Blanco-edited-768x432.png 768w\" sizes=\"(max-width: 1081px) 100vw, 1081px\" \/><\/figure>\n\n\n\n<div class=\"wp-block-group has-global-padding is-layout-constrained wp-block-group-is-layout-constrained\"><\/div>\n\n\n\n<p class=\"has-text-align-left\"><\/p>\n\n\n\n<p>La Asociaci\u00f3n por la Recuperaci\u00f3n de la Memoria Hist\u00f3rica de Almog\u00eda nace en marzo de 2024 con un objetivo claro: mantener viva la memoria, rendir homenaje a quienes sufrieron la represi\u00f3n del franquismo, sacar a la luz la historia de todas aquellas personas que lucharon contra la dictadura, buscando la verdad de los hechos, justicia para las v\u00edctimas y reparaci\u00f3n moral y legal, as\u00ed como garant\u00edas de no repetici\u00f3n.<\/p>\n\n\n\n<p>Estamos inscritos en el Registro de Asociaciones de la Junta de Andaluc\u00eda con el n\u00famero 15.391 y en el Ayuntamiento de M\u00e1laga con el n\u00famero 3710. Adem\u00e1s, participamos en la Coordinadora Provincial de Memoria Hist\u00f3rica de M\u00e1laga.<\/p>\n\n\n\n<p><strong>Nuestros principales objetivos son:<\/strong><\/p>\n\n\n\n<ul class=\"wp-block-list\">\n<li>Compromiso con la Verdad, Justicia y Reparaci\u00f3n: La asociaci\u00f3n se inspira en principios internacionales de derechos humanos, buscando la verdad de los hechos, justicia para las v\u00edctimas y reparaci\u00f3n moral y legal de las v\u00edctimas, as\u00ed como garant\u00edas de no repetici\u00f3n.<\/li>\n\n\n\n<li>Fomentar la investigaci\u00f3n y divulgaci\u00f3n de hechos silenciados o reprimidos.<\/li>\n\n\n\n<li>Contribuir a la educaci\u00f3n sobre memoria hist\u00f3rica, incluyendo la elaboraci\u00f3n de contenidos educativos.<\/li>\n\n\n\n<li>Recopilar y organizar documentaci\u00f3n dispersa para facilitar la b\u00fasqueda de la verdad hist\u00f3rica.<\/li>\n\n\n\n<li>Exigir a las administraciones el acceso a archivos y fuentes documentales.<\/li>\n\n\n\n<li>Promover la creaci\u00f3n de espacios de memoria (monumentos, memoriales, etc.).<\/li>\n\n\n\n<li>Potenciar expresiones art\u00edsticas relacionadas con la memoria democr\u00e1tica.<\/li>\n\n\n\n<li>Apoyar y coordinar la b\u00fasqueda y exhumaci\u00f3n de fosas comunes e individuales.<\/li>\n<\/ul>\n\n\n\n<p><strong>\u00a1VERDAD, JUSTICIA Y REPARACI\u00d3N PARA LAS V\u00cdCTIMAS DEL FRANQUISMO!<\/strong><strong><\/strong><\/p>\n<\/div>\n<\/div>\n","protected":false},"excerpt":{"rendered":"<p>La Asociaci\u00f3n por la Recuperaci\u00f3n de la Memoria Hist\u00f3rica de Almog\u00eda nace en marzo de 2024 con un objetivo claro: mantener viva la memoria, rendir homenaje a quienes sufrieron la represi\u00f3n del franquismo, sacar a la luz la historia de todas aquellas personas que lucharon contra la dictadura, buscando la verdad de los hechos, justicia para las v\u00edctimas y reparaci\u00f3n moral y legal, as\u00ed como garant\u00edas de no repetici\u00f3n. Estamos inscritos en el Registro de Asociaciones de la Junta de Andaluc\u00eda con el n\u00famero 15.391 y en el Ayuntamiento de M\u00e1laga con el n\u00famero 3710. Adem\u00e1s, participamos en la Coordinadora Provincial de Memoria Hist\u00f3rica de M\u00e1laga. Nuestros principales objetivos son: \u00a1VERDAD, JUSTICIA Y REPARACI\u00d3N PARA LAS V\u00cdCTIMAS DEL FRANQUISMO!<\/p>\n","protected":false},"author":1,"featured_media":0,"parent":0,"menu_order":0,"comment_status":"closed","ping_status":"closed","template":"","meta":{"om_disable_all_campaigns":false,"_monsterinsights_skip_tracking":false,"_monsterinsights_sitenote_active":false,"_monsterinsights_sitenote_note":"","_monsterinsights_sitenote_category":0,"_uf_show_specific_survey":0,"_uf_disable_surveys":false,"footnotes":""},"class_list":["post-54","page","type-page","status-publish","hentry"],"aioseo_notices":[],"_links":{"self":[{"href":"https:\/\/almogiamemoriahistorica.es\/index.php\/wp-json\/wp\/v2\/pages\/54","targetHints":{"allow":["GET"]}}],"collection":[{"href":"https:\/\/almogiamemoriahistorica.es\/index.php\/wp-json\/wp\/v2\/pages"}],"about":[{"href":"https:\/\/almogiamemoriahistorica.es\/index.php\/wp-json\/wp\/v2\/types\/page"}],"author":[{"embeddable":true,"href":"https:\/\/almogiamemoriahistorica.es\/index.php\/wp-json\/wp\/v2\/users\/1"}],"replies":[{"embeddable":true,"href":"https:\/\/almogiamemoriahistorica.es\/index.php\/wp-json\/wp\/v2\/comments?post=54"}],"version-history":[{"count":4,"href":"https:\/\/almogiamemoriahistorica.es\/index.php\/wp-json\/wp\/v2\/pages\/54\/revisions"}],"predecessor-version":[{"id":325,"href":"https:\/\/almogiamemoriahistorica.es\/index.php\/wp-json\/wp\/v2\/pages\/54\/revisions\/325"}],"wp:attachment":[{"href":"https:\/\/almogiamemoriahistorica.es\/index.php\/wp-json\/wp\/v2\/media?parent=54"}],"curies":[{"name":"wp","href":"https:\/\/api.w.org\/{rel}","templated":true}]}}